
True
Is 9 a factor of 16002?
True
Is 273 a multiple of 7?
True
Is 18 a factor of 1282?
False
Does 19 divide 15131?
False
Is 1097 a multiple of 112?
False
Is 9711 a multiple of 13?
True
Is 63 a factor of 6804?
True
Does 75 divide 4826?
False
Is 69 a factor of 17664?
True
Is 8 a factor of 248?
True
Does 3 divide 1901?
False
Is 97 a factor of 13783?
False
Does 37 divide 13986?
True
Does 41 divide 28085?
True
Does 28 divide 3332?
True
Is 25 a factor of 175?
True
Does 171 divide 39330?
True
Is 18 a factor of 1386?
True
Is 1056 a multiple of 88?
True
Is 58 a factor of 11716?
True
Is 9 a factor of 13806?
True
Is 352 a multiple of 12?
False
Does 2 divide 16?
True
Is 25 a factor of 38?
False
Is 36756 a multiple of 37?
False
Does 11 divide 601?
False
Is 84 a multiple of 42?
True
Is 5840 a multiple of 20?
True
Does 12 divide 4032?
True
Is 48 a factor of 5904?
True
Does 30 divide 10140?
True
Is 86604 a multiple of 119?
False
Does 16 divide 5844?
False
Is 45 even?
False
Is 497 a multiple of 22?
False
Is 486 a multiple of 69?
False
Is 62461 a multiple of 17?
False
Is 27 a factor of 1404?
True
Does 9 divide 1428?
False
Does 77 divide 7931?
True
Does 29 divide 377?
True
Is 45 a factor of 11385?
True
Is 13 a factor of 47684?
True
Is 4 a factor of 504?
True
Is 10 a factor of 10343?
False
Does 31 divide 6107?
True
Is 23 a factor of 13855?
False
Does 5 divide 255?
True
Does 72 divide 864?
True
Is 1484 a multiple of 55?
False
Is 417 a multiple of 12?
False
Does 64 divide 170?
False
Is 828 a multiple of 69?
True
Is 645 a multiple of 73?
False
Is 24335 a multiple of 157?
True
Does 52 divide 8427?
False
Does 13 divide 5835?
False
Is 1059 a multiple of 5?
False
Is 31 a multiple of 3?
False
Is 823 even?
False
Does 2 divide 67?
False
Is 596 a multiple of 4?
True
Does 20 divide 848?
False
Is 8 a factor of 4194?
False
Does 20 divide 3380?
True
Does 31 divide 6628?
False
Is 2886 a multiple of 39?
True
Does 9 divide 117?
True
Does 27 divide 272?
False
Does 7 divide 567?
True
Is 780 a multiple of 5?
True
Is 29 a factor of 3799?
True
Does 60 divide 2280?
True
Is 16035 a multiple of 8?
False
Does 11 divide 81318?
False
Is 30242 a multiple of 44?
False
Is 7 a factor of 12894?
True
Does 5 divide 1913?
False
Is 6964 a multiple of 174?
False
Is 153 a factor of 826?
False
Is 7 a factor of 3500?
True
Is 45312 a multiple of 72?
False
Is 14 a factor of 9772?
True
Is 133 a multiple of 18?
False
Is 24164 a multiple of 28?
True
Is 17 a factor of 131716?
True
Is 108 a factor of 1404?
True
Does 12 divide 5165?
False
Is 3434 a multiple of 17?
True
Is 90 a factor of 1731?
False
Is 6397 a multiple of 90?
False
Does 178 divide 71200?
True
Is 450 a multiple of 12?
False
Is 4 a factor of 114?
False
Is 1152 a multiple of 16?
True
Does 9 divide 252?
True
Is 67 a factor of 2758?
False
Is 13911 a multiple of 278?
False
Does 11 divide 1025?
False
Does 10 divide 2226?
False
Is 20 a factor of 180?
True
Is 136 a factor of 13843?
False
Is 974 a multiple of 15?
False
Is 154 a factor of 30030?
True
Is 1904 a multiple of 97?
False
Is 2545 a multiple of 66?
False
Does 272 divide 26338?
False
Is 26 a factor of 1690?
True
Is 15594 a multiple of 28?
False
Is 17125 a multiple of 25?
True
Is 5 a factor of 5?
True
Does 75 divide 2550?
True
Does 9 divide 610?
False
Does 33 divide 1353?
True
Does 34 divide 876?
False
Is 16 a factor of 464?
True
Does 41 divide 697?
True
Does 163 divide 48152?
False
Is 9 a factor of 5211?
True
Is 104 a factor of 728?
True
Is 513 a multiple of 57?
True
Does 6 divide 894?
True
Does 17 divide 3211?
False
Is 2710 a multiple of 35?
False
Does 16 divide 80?
True
Is 17890 a multiple of 43?
False
Does 72 divide 1279?
False
Is 7 a factor of 496?
False
Does 67 divide 871?
True
Is 12 a factor of 1929?
False
Does 3 divide 1114?
False
Is 9149 a multiple of 50?
False
Is 1052 a multiple of 10?
False
Is 4 a factor of 5000?
True
Does 167 divide 11926?
False
Does 70 divide 52367?
False
Is 152 a multiple of 38?
True
Does 99 divide 16236?
True
Does 17 divide 2278?
True
Is 619 a multiple of 61?
False
Is 3 a factor of 817?
False
Does 20 divide 937?
False
Is 4141 a multiple of 19?
False
Is 1020 a multiple of 34?
True
Is 912 a multiple of 48?
True
Is 1302 a multiple of 21?
True
Is 598 a multiple of 46?
True
Does 11 divide 1837?
True
Is 85 even?
False
Is 72324 a multiple of 9?
True
Is 60 a factor of 1560?
True
Is 12680 a multiple of 20?
True
Does 10 divide 8838?
False
Is 2 a factor of 331?
False
Does 348 divide 74285?
False
Does 32 divide 14580?
False
Is 51 a factor of 3723?
True
Is 19669 a multiple of 13?
True
Is 11557 a multiple of 127?
True
Is 269 a multiple of 18?
False
Does 4 divide 111?
False
Is 78 a factor of 5832?
False
Is 2995 a multiple of 2?
False
Is 341 a factor of 15235?
False
Is 7 a factor of 552?
False
Does 28 divide 16993?
False
Is 65 a factor of 4680?
True
Does 16 divide 17095?
False
Is 9775 a multiple of 108?
False
Is 6 a factor of 186?
True
Is 1182 a multiple of 36?
False
Is 68 a factor of 886?
False
Does 2 divide 2456?
True
Is 9 a factor of 675?
True
Is 121 a factor of 3993?
True
Is 96 a factor of 12864?
True
Is 16718 a multiple of 26?
True
Does 29 divide 4495?
True
Is 8 a factor of 248?
True
Does 5 divide 4101?
False
Does 67 divide 37359?
False
Is 7034 a multiple of 34?
False
Is 14175 a multiple of 75?
True
Is 16684 a multiple of 161?
False
Is 5 a factor of 60?
True
Is 373 a multiple of 18?
False
Is 9 a factor of 443?
False
Is 72 a factor of 447?
False
Is 112 a factor of 2352?
True
Does 21 divide 7876?
False
Is 560 a multiple of 9?
False
Does 28 divide 21371?
False
Is 14 a factor of 5056?
False
Does 34 divide 2074?
True
Is 33 a factor of 22803?
True
Is 41 a factor of 718?
False
Is 1260 a multiple of 70?
True
Is 5641 a multiple of 58?
False
Is 19 a factor of 9819?
False
Does 29 divide 1817?
False
Is 8 a factor of 11712?
True
Does 30 divide 11606?
False
Does 10 divide 391?
False
Is 107 a factor of 16861?
False
Is 9158 a multiple of 108?
False
Is 7 a factor of 169?
False
Is 1462 a multiple of 34?
True
Does 35 divide 4556?
False
Is 208 a factor of 11024?
True
Does 7 divide 5026?
True
Does 4 divide 126?
False
Does 10 divide 273?
False
Is 29640 a multiple of 60?
True
Is 22 a factor of 357?
False
Does 4 divide 22511?
False
Is 70716 a multiple of 67?
False
Does 27 divide 7695?
True
Is 13 a factor of 20449?
True
Is 1078 a multiple of 7?
True
Is 222 a factor of 7992?
True
Is 14 a factor of 126616?
True
Is 25 a factor of 375?
True
Is 57 a factor of 570?
True
Is 26 a factor of 2323?
False
Is 6 a factor of 5226?
True
Is 14 a factor of 3879?
False
Does 60 divide 1527?
False
Is 22 a factor of 3451?
False
Does 50 divide 5100?
True
Is 6 a factor of 2091?
False
Is 8 a factor of 4840?
True
Does 8 divide 448?
True
Does 13 divide 48568?
True
Is 59 a factor of 767?
True
Is 53 a factor of 583?
True
Is 634 a multiple of 54?
False
Is 15768 a multiple of 24?
True
Does 27 divide 7074?
True
Is 2003 a multiple of 27?
False
Is 884 a multiple of 4?
True
Does 4 divide 23527?
False
Is 1794 a multiple of 51?
False
Is 4186 a multiple of 30?
False
Is 50 a factor of 102150?
True
Is 16446 a multiple of 25?
False
Is 57 a factor of 22833?
False
Is 17 a factor of 41786?
True
Is 8 a factor of 3264?
True
Is 8261 a multiple of 83?
False
Is 23 a factor of 2498?
False
Is 21 a factor of 5608?
False
Does 162 divide 2754?
True
Does 172 divide 23220?
True
Does 37 divide 370?
True
Does 11 divide 15903?
False
Is 150 a factor of 19650?
True
Is 37681 a multiple of 173?
False
Is 267 a multiple of 3?
True
Does 20 divide 5660?
True
Does 4 divide 2127?
False
Does 17 divide 651?
False
Is 22678 a multiple of 43?
False
Does 5 divide 106?
False
Does 20 divide 511?
False
Does 10 divide 2650?
True
Is 15 a factor of 7343?
False
Is 139 a factor of 79786?
True
Is 2 a factor of 11733?
False
Is 300 a multiple of 15?
True
Is 6 a factor of 16110?
True
Does 58 divide 1098?
False
Does 249 divide 99849?
True
Does 65 divide 2118?
False
Is 62 a factor of 8634?
False
Is 235 a factor of 42048?
False
Is 14 a factor of 2072?
True
Is 125 a factor of 9000?
True
Is 68 a factor of 9792?
True
Is 11 a factor of 2946?
False
Is 6 a factor of 145?
False
Is 215 a factor of 7484?
False
Is 118 a factor of 1770?
True
Does 29 divide 1905?
False
Is 269 a factor of 7532?
True
